r of 35 and x.
35
Suppose -2942*w = -2950*w + 496. What is the highest common divisor of w and 93?
31
Let l(t) = t**3 - 3*t**2 + 6*t. Let x = 27 + -23. Let u be l(x). Calculate the greatest common divisor of u and 5.
5
Let h(y) = 4*y + 1. Let i be h(4). Let p = 25 + -23. Suppose 5*d - t - 88 = -4*t, -5*d - p*t = -87. What is the greatest common divisor of i and d?
17
Suppose 4*r = -2*d + 3*d - 19, -r - 6 = d. Let j(p) = -175*p + 1. Let q be j(d). Calculate the greatest common factor of 11 and q.
11
Suppose -z - 1 = 0, -4*q - 3*z - 2*z + 15 = 0. Let l be 20/15 - q/(-3). Suppose -p = -l*p - x + 15, 5*x = -5. Calculate the highest common divisor of p and 2.
2
Let y be (-1 + 2)*135/3. Suppose 0 = 3*n - 6, 4*n + 22 = 5*f - 2*f. Suppose f = -7*s + 9*s. What is the highest common factor of s and y?
5
Let x(w) = -14*w**2 + 41*w + 9. Let t(b) = 5*b**2 - 14*b - 3. Let p(s) = 11*t(s) + 4*x(s). Let g be p(5). What is the greatest common factor of 70 and g?
14
Let t(s) = -s**3 - 6*s**2 - 10*s - 6. Let f be t(-4). Suppose -o - 176 = -6*o + 2*m, -5*m + 82 = f*o. What is the greatest common factor of o and 36?
36
Suppose -x + 4*j = -26, -76 = -5*x + x + 2*j. Suppose 0 = -3*o + 6, -2*c + 83 = -2*o - 57. Calculate the greatest common divisor of x and c.
18
Suppose -2*z - 26 = 4. Let h be 42/(-5)*(1 + 0)*z. What is the greatest common factor of h and 18?
18
Suppose 2*d + 2 = 5*q + 19, -5*q - 29 = -4*d. Let r = -4 + d. Suppose 13*a - 3 = 10. Calculate the greatest common factor of a and r.
1
Let b = 727 - 659. What is the greatest common divisor of 17 and b?
17
Suppose 56 = -4*s + 76. Suppose -2*d + h + 4 = 1, -3*d + s*h - 13 = 0. Calculate the highest common factor of d and 4.
4
Let f = -681 - -705. What is the greatest common factor of 272 and f?
8
Suppose -9*x = -20*x + 1408. What is the highest common factor of 192 and x?
64
Let k = -362 - -397. Calculate the greatest common factor of 55 and k.
5
Let c be (4 - -170)/(30/20). Calculate the greatest common divisor of c and 87.
29
Suppose -6*n + 10*n = -72. Let a = n - -20. Suppose p + 2*p + 39 = 2*k, 2*k - 2*p = 38. Calculate the greatest common factor of k and a.
2
Suppose 14*l = 117 + 23. Calculate the greatest common divisor of 6 and l.
2
Suppose 2*y = 3*h + 51, y + h = -0 + 38. What is the highest common factor of y and 11?
11
Suppose -61*n + 4233 = -403. Let h(u) = 32*u - 2. Let f be h(6). Calculate the highest common divisor of f and n.
38
Suppose -b = -18 - 10. Suppose -5*t - 5*y + 1540 = 0, -6*t + 616 = -4*t - y. What is the greatest common divisor of t and b?
28
Suppose 0 = -6*m - 305 + 1253. Suppose -25 = -4*x + 15. Suppose -x = -4*i + m. Calculate the greatest common divisor of 14 and i.
14
Suppose -180 = -6*j + 138. Calculate the highest common factor of 583 and j.
53
Let u = 8 + 12. Suppose u = 6*k - 5*k. Calculate the highest common divisor of k and 10.
10
Suppose -56 = 3*a - 8. Let t = a + 24. Calculate the greatest common divisor of 12 and t.
4
Let k(f) = -f**2 + 16*f - 14. Suppose 60 = 20*g - 16*g. Let l be k(g). What is the highest common factor of l and 1?
1
Let w be (-15)/(-35) + (-778)/(-14). Suppose -2*b + 3*p - w = -6*b, 0 = 5*b + 4*p - 71. What is the greatest common factor of 11 and b?
11
Let w(p) = -1 - 3*p + 2 + 0 + 1. Let f be w(-4). What is the highest common divisor of 112 and f?
14
Suppose -26 = 2*k - 4*k - 5*y, -2*k + 3*y - 6 = 0. Let z = -13 + 4. Let u be ((-6)/z*-1)/(4/(-18)). What is the highest common factor of u and k?
3
Let c(y) = 3*y**2 + 2*y - 2. Let j be c(1). Suppose o = -s + 3, -j*o + 16 = s + 5. What is the greatest common factor of 10 and o?
2
Let z = -25 + 29. Suppose -k + 4*a = z*k - 97, -k + 11 = -5*a. Suppose -10 = -3*b - 1. What is the highest common divisor of k and b?
3
Let m(d) = -d**3 + d**2 + d + 1. Let v be m(0). Let u be 12/10*v*15. Suppose q = y + 23, -6*q - y = -q - 139. What is the highest common divisor of u and q?
9
Let c = 202 - 410. Let d = 328 + c. Calculate the greatest common factor of 15 and d.
15
Suppose 52 = -13*a + 15*a. Let k = 75 + -10. What is the greatest common divisor of k and a?
13
Let j be 19 + (-578)/119 + (-12)/(-14). Suppose -c - 5*y + 86 = 36, -4 = 2*y. What is the highest common divisor of j and c?
15
Let y = 170 - 85. Suppose -143*o - 255 = -158*o. Calculate the highest common divisor of y and o.
17
Let o = 136 + -96. Let y = 11 - 0. Suppose -y - 37 = -3*f. Calculate the highest common factor of f and o.
8
Suppose 140*y - 142*y = -20. Let h be (9/6)/(7/14) + y. What is the greatest common factor of 1 and h?
1
Suppose 2*k = -n - 1, 4*n = n - 15. Let m be k - 38/2*-2. Let t be (-20)/(4*(15/(-6) + 2)). Calculate the highest common divisor of t and m.
10
Let v = 13 + -2. Let w = -8 + v. Suppose 2*l + 4*p = 10, -2*l + 3*l - 2*p - 25 = 0. What is the greatest common divisor of l and w?
3
Let o be 100/35 + 3/21. Suppose 0 = -o*z - 2*z + 135. Calculate the greatest common factor of 18 and z.
9
Let s(n) = 57*n - 24. Let x be s(9). Let v = -291 + x. What is the highest common factor of 22 and v?
22
Let d = 119 - 69. Let h = -96 - -221. What is the greatest common factor of d and h?
25
Let w = 25 - 3. Let i(q) = q**3 - 5*q**2 - 7*q + 8. Let y be i(6). Suppose 3*r - y = 31. Calculate the highest common factor of r and w.
11
Let x be 4/(36/171) + (-1)/(-1). Calculate the greatest common divisor of 55 and x.
5
Suppose 0 = -2*o - 0*o + m + 382, -5*o + 3*m = -954. Let k be 8/((-5)/(3 - 13)). What is the highest common factor of k and o?
16
Suppose 3*n + 2*n - 214 = -2*y, 5*n + 254 = 2*y. Let v(j) = -j + 20. Let f be v(7). What is the greatest common divisor of f and y?
13
Let h be (-8)/(((-50)/(-10))/(-20)). What is the highest common factor of 816 and h?
16
Let c(v) = 14*v**2 - 2*v. Let j be c(-3). Suppose -5*q = y + 2, -2*y - q = q - 4. Suppose -g + 9 = -y. What is the highest common factor of j and g?
12
Let h(k) = -k**3 - k**2 + 2*k + 12. Let b = 29 - 29. Let d be h(b). Calculate the greatest common divisor of d and 108.
12
Let y(w) be the first derivative of 43*w**4/4 - 2*w**3/3 + w**2/2 + 4*w - 5. Let l be y(2). Calculate the greatest common factor of l and 19.
19
Let h be -1*4 - (-8 + -9 + -297). Calculate the highest common divisor of 124 and h.
62
Let j be (-598)/(-18) + (-550)/45 + 12. Calculate the highest common factor of 15 and j.
3
Let w = -289 - -479. What is the highest common divisor of w and 152?
38
Let j = 49 - -10. Suppose -6*u = -103 - j. What is the greatest common divisor of u and 18?
9
Suppose 5*j - 252 = 3*p, 4*j - 5*p = -p + 208. What is the greatest common divisor of 432 and j?
48
Suppose 3*f = -b + 178, 0 = 2*f + 4*b + 42 - 144. Let y = f - 55. What is the highest common factor of y and 66?
6
Suppose -q = -25 - 79. Suppose 4*t = -2*u + 42, 59 = 3*u - t + 6*t. Calculate the highest common factor of q and u.
13
Let l = 258 + -63. What is the greatest common factor of l and 39?
39
Suppose 8*x - 9*x = 5*u - 40, -2*u - 5*x = 7. Calculate the greatest common factor of u and 1305.
9
Suppose -3*v = -201 - 39. Suppose d + 4*u - 16 = 0, 49*d - 103 = 44*d + 3*u. Calculate the highest common factor of v and d.
20
Suppose 0 = -5*a - 3*d - 7, 2*a + 5*d - 1 = -0*a. Let n be (-3)/((-18)/42)*(-1 - a). Calculate the greatest common divisor of 56 and n.
7
Suppose d - 14 = 10. Let y = 24 - d. Suppose 0 = 5*c - 3*i - 537 + 126, 5*c + i - 423 = y. What is the greatest common factor of 21 and c?
21
Suppose -144 + 18 = -9*k. What is the greatest common divisor of k and 126?
14
Let k be (-807)/(-15) + (-40)/(-200). What is the greatest common factor of 1431 and k?
27
Let h = -470 + 1025. What is the greatest common divisor of h and 15?
15
Let x = 95 - 92. Suppose 0 = -x*y + j + 74, 4*y - 88 - 7 = 5*j. Calculate the highest common divisor of 5 and y.
5
Let b(l) = -l**3 + 8*l**2 - 5*l + 2. Let o = 62 + -55. Let j be b(o). Calculate the greatest common divisor of j and 80.
16
Suppose f - 10 = 145. Let g = f + -70. Suppose -3*b - 22 = -g. Calculate the greatest common factor of 147 and b.
21
Let r be (32/(6 - -2))/(4/6). Calculate the greatest common divisor of r and 39.
3
Let j be (2 - 0)*(-15)/(-6). Suppose 0 = v - j + 9. Let x be (v/(-6))/((-2)/(-30)). Calculate the highest common divisor of 70 and x.
10
Let l(u) be the second derivativ